Suppose 6*g = -9*g + 32595. What are the prime factors of g?
41, 53
Suppose 5*s + 7679 = 4*p, -s + 2 = -3. List the prime factors of p.
2, 3, 107
Let p = 91 - 88. Suppose 2*k + u = 333, 6*k = 5*k + p*u + 156. List the prime factors of k.
3, 5, 11
Suppose -h - 107 = -5*s, 42 = 2*s - 5*h + 13. Suppose -5*a - s = 2*g, -3 = 2*a + 4*g - 9*g. Let o = 33 + a. List the prime factors of o.
29
What are the prime factors of (2 - -2 - 1) + (-85 - -2927)?
5, 569
Let f = -2 - -5. Suppose -103 = -4*y + f*p, 2*y + p - 98 = -39. Suppose y = 2*b - 28. What are the prime factors of b?
2, 7
Suppose 3*v = 4*h + 231 - 29, -69 = -v + h. Suppose -5*c = -r + v, -c = c. List the prime factors of r.
2, 37
Suppose 11 = -2*w - 3*o, -23 + 8 = 3*o. Suppose 3*a = 4*t - a - 20, 4*t - 14 = -w*a. Suppose -h - l = -46, 0*l = -2*h + t*l + 116. List the prime factors of h.
2, 5
Let y be (-6)/(-3) + (0 - 2). Suppose t - 4 = -y*t. Suppose -t*u + 12 = -0. List the prime factors of u.
3
Suppose 4*f - 312 = -2*j, -81 = -f + j - 0*j. Let s = -42 + f. Let z = 9 + s. List the prime factors of z.
2, 23
Suppose -4*w = 3*o - 856, -4*o + 5*w + 1450 = o. Suppose -k - o = -7*k. What are the prime factors of k?
2, 3
Let a be (-3 + 1)*(-208)/(-32). Let n = a + 42. List the prime factors of n.
29
Let r = 267 - 88. List the prime factors of r.
179
Let x(g) = -g**2 + 64*g + 525. List the prime factors of x(44).
5, 281
Suppose -w + 5*y = -2*w + 21, -24 = -3*w - 2*y. Suppose -2*z + w = 0, v - 2*v = z - 6. What are the prime factors of v?
3
Suppose -5*p = -h - 72, -20 - 43 = -4*p - h. List the prime factors of 2132/15 + (-2)/p.
2, 71
Let h = -97 + 106. Suppose 0 = -h*t + 6*t + 156. List the prime factors of t.
2, 13
Suppose -5*g = -4*g - 5*i - 291, -g + 291 = 2*i. Suppose 5*d - d = 3*y - 219, -g = -4*y + 5*d. List the prime factors of y.
3, 23
Suppose 46*v - 61*v + 16260 = 0. List the prime factors of v.
2, 271
Let y = 7 - 6. Let j be 3 - ((-15)/y - 0). Suppose j = r - 1. List the prime factors of r.
19
Let i(d) = 34 + d**2 - 12 + 8*d - 15. What are the prime factors of i(-8)?
7
What are the prime factors of 2/(-20) + (0 - (-15399)/90)?
3, 19
Let r = -4017 - -6766. List the prime factors of r.
2749
Suppose 0*c + 5*c = 385. Let g = -48 + c. List the prime factors of g.
29
Let q(l) be the first derivative of -l**4/4 - 11*l**3/3 - 6*l**2 - 8*l - 9. What are the prime factors of q(-10)?
2, 3
Let b be (-2)/10 - (-144)/45. Let j be 8/(b*(-6)/(-9)). Suppose 361 = 5*c - 3*o, -j*c + 4*o + 292 = -0*o. What are the prime factors of c?
71
Let r be ((-12)/(-9))/((-6)/(-45)). Suppose -3*y + r = 2*y. Suppose 0 = -0*q - y*q + 80. List the prime factors of q.
2, 5
Let o = 212 - 62. List the prime factors of o.
2, 3, 5
What are the prime factors of 227052/224 - (26/16 - 2)?
2, 3, 13
Let f(d) = -d**3 - 6*d**2 - 18*d - 60. What are the prime factors of f(-8)?
2, 53
List the prime factors of (3 + 27)*(-9854)/(-78).
2, 5, 379
Let t be (2/4)/((-1)/(-10)). Suppose f = w + 6, t*w = f + 11 - 1. Suppose 0 = -5*n + 6*n - f. List the prime factors of n.
2, 5
Let l be 4*(-1 + 0) + 109. Suppose -87 = -4*c + l. What are the prime factors of c?
2, 3
Let n = 11 - 7. Suppose -n*j + j = 0. Suppose 3*f - 54 = -j*f. List the prime factors of f.
2, 3
Let b be (-20)/(-6)*(-36)/(-20). Let t(s) = -s**2 + 4*s + 13. Let i be t(b). Let o = 72 - i. What are the prime factors of o?
71
Let l be 2/(6/457) + (-3)/9. Suppose -2*a + 0*a + 78 = 2*f, 2*f = -4*a + l. What are the prime factors of a?
37
Suppose 0 = -5*z - 3*v - 45, 0*z - 2*v = -z + 4. Let s be z/(-8) - (-9)/(-12). Suppose -k + 6 = -s*k. List the prime factors of k.
2, 3
Let c(g) = -113*g + 24. List the prime factors of c(-10).
2, 577
Suppose -3*h - n + 461 = 0, 4*h + 5*n - 780 = -147. What are the prime factors of h?
2, 19
Suppose 3624 = 3*k + 5*k. List the prime factors of k.
3, 151
Let s(f) = -146*f - 86. Let k(l) = 29*l + 17. Let i(o) = -11*k(o) - 2*s(o). List the prime factors of i(-4).
3, 31
Suppose -4*i = 5*n - 0*n - 21591, -5*i + 27030 = -2*n. List the prime factors of i.
2, 7, 193
List the prime factors of ((-270)/(-36))/((-1)/(-32)).
2, 3, 5
Let q be 363/9 - (-2)/(-6). Suppose 38*y + 160 = q*y. List the prime factors of y.
2, 5
Let q = -17 - -13. Let l(s) = -s**3 - 3*s**2 + 4*s + 1. Let w be l(q). Let y(p) = 9*p**2 - p + 2. What are the prime factors of y(w)?
2, 5
Let b be 4/2*(15 + -16). Suppose 0 = 2*c + 4*h - 148, -2*h = -4*c - 4*h + 284. Let x = c + b. What are the prime factors of x?
2, 17
Let k be (-242)/(-16) - (-5)/(-40). Let a = k - 13. Suppose a*u - 61 = 9. List the prime factors of u.
5, 7
Let n(q) = -q**3 - 4*q**2 - 2*q + 6. Let s(i) = -i**2 - i. Let p(t) = -n(t) + 3*s(t). Let c be p(0). Let y = -4 - c. What are the prime factors of y?
2
What are the prime factors of (5 - 2971)*(3 + -8)/10?
1483
What are the prime factors of (-1655)/(-4) + 3 + 12/(-16)?
2, 13
Suppose -2*o - o - 18 = 0. Let l be 1408/48 + 2/o. Let s = l - -5. What are the prime factors of s?
2, 17
Suppose 17866 = 14*n - 8132. What are the prime factors of n?
3, 619
Let b(y) be the third derivative of y**6/60 - y**5/10 + y**4/24 + y**2. Let j(t) = -9*t - 14. Let o be j(-2). List the prime factors of b(o).
2, 3
Let u be (-2)/((-3)/18*-4). Let o be (-150)/(-8) + u/(-12). Suppose 2*c - o - 23 = 0. What are the prime factors of c?
3, 7
Let a be 2/3*(-39)/(-13). Suppose -b + 5*w = -a*b + 3, -b = 4*w - 8. List the prime factors of -45*(-3 - b/(-12)).
2, 3, 5
Let j be -10*2 - -1 - 4. List the prime factors of 1/((-2)/(-4)) - j.
5
Let p be (7/(-14))/(1/(-6)). Suppose 3*f = -2*o + p, -5*o + 10*o - 3*f = 39. List the prime factors of ((-8)/o)/(4/(-114)).
2, 19
Suppose -18*g - 857 = -2*u - 17*g, -g + 2160 = 5*u. List the prime factors of u.
431
Suppose 2*c - 5132 = -0*c. List the prime factors of c.
2, 1283
Let q = -1383 + 2657. Suppose 9*o - q = 112. What are the prime factors of o?
2, 7, 11
Let c(i) be the first derivative of 53*i**3/3 + i**2 + i - 23. What are the prime factors of c(-2)?
11, 19
Let x(q) = -939*q**3 + 2*q**2 + 2*q + 1. What are the prime factors of x(-1)?
2, 5, 47
Let a(z) = 7*z**2 + 7*z - 33. List the prime factors of a(8).
3, 157
Let x be (-1557)/(-12) + (-9)/(-4) + -2. Suppose -178 = -p + h, h - x = -2*p + 241. List the prime factors of p.
3, 61
Let s be -1 + 3*4/4. Suppose -w - 3*n + 1 = 0, w + s*n = 2*w + 4. Let f(g) = 5*g**2 + 2*g + 1. List the prime factors of f(w).
17
Suppose -869 + 3123 = -7*w. Let f = -93 - w. List the prime factors of f.
229
Suppose 0 = -79*l + 71*l + 15712. List the prime factors of l.
2, 491
Let t(b) = b + 2. Let f be t(-2). Suppose -4*a + f*a = -88. Suppose v = -v + a. List the prime factors of v.
11
Let n(l) = 42*l**2 + l - 2. Suppose -52*y + 48*y + 8 = 0. What are the prime factors of n(y)?
2, 3, 7
Suppose f + v = 5*f - 1378, 4*v - 1024 = -3*f. What are the prime factors of f?
2, 43
Let i be 1/1 + -1 + 3 + 5. Let f(z) = -z + 2. Let b be f(6). List the prime factors of (b/i)/((-2)/28).
7
Let t = 1852 - 1294. List the prime factors of t.
2, 3, 31
Suppose -2886 = 20*u - 16366. What are the prime factors of u?
2, 337
Let z = 1373 - 872. What are the prime factors of z?
3, 167
Suppose 5*t + 27 = 5*k - 23, 5*t = 4*k - 45. Suppose -x + k*n + 15 = 4*x, -4*n - 12 = 3*x. Let a(l) = -l + 11. What are the prime factors of a(x)?
11
Let p = 111 - -192. List the prime factors of p.
3, 101
Suppose -4*j - 16 = 4*t, -4*j - 5*t - 25 = -5. Suppose j = -3*i + i + 330. Suppose -6*z + 11*z - i = 0. List the prime factors of z.
3, 11
Let u be 2/(-7) + (-108)/(-84). What are the prime factors of (u + -371)*(-5)/10?
5, 37
What are the prime factors of -5*13*21/(-35)?
3, 13
Suppose 0 = 2*y - 5*c - 4, -4*y + 8 = c + 4*c. Suppose 5*z + 3*m - y*m - 93 = 0, z - 21 = -m. List the prime factors of (-1 + 4)*228/z.
2, 19
Suppose 176*z - 285 = 173*z. List the prime factors of z.
5, 19
Suppose 3*m + 51 = 792. List the prime factors of m.
13, 19
Suppose 0 = -w - 4*x - 19, -x - 7 = 3*w + 6. Suppose -2*q + 5 = -1. List the prime factors of (-1)/w - (-125)/q.
2, 3, 7
Let t = 97 - 81. List the prime factors of ((-2216)/t*1)/((-1)/2).
277
Let m be ((-4)/14)/(10/(-70)). Suppose -m*s - s = -51. Suppose s = 4*a - 139. What are the prime factors of a?
3, 13
Suppose -3*j = -7*j. Suppose j = g + 2*g - 9. Sup